{"id":2673,"date":"2025-04-13T18:16:47","date_gmt":"2025-04-13T18:16:47","guid":{"rendered":"https:\/\/www.mdiy.org\/?page_id=2673"},"modified":"2025-04-13T18:36:59","modified_gmt":"2025-04-13T18:36:59","slug":"elementor-page-2673","status":"publish","type":"page","link":"https:\/\/www.mdiy.org\/?page_id=2673","title":{"rendered":"La Proph\u00e9tie de \u00ab\u00a0La BRIK Project\u00a0\u00bb"},"content":{"rendered":"\t\t<div data-elementor-type=\"wp-page\" data-elementor-id=\"2673\" class=\"elementor elementor-2673\" data-elementor-post-type=\"page\">\n\t\t\t\t\t\t<section class=\"elementor-section elementor-top-section elementor-element elementor-element-e98edd8 elementor-section-boxed elementor-section-height-default elementor-section-height-default\" data-id=\"e98edd8\" data-element_type=\"section\">\n\t\t\t\t\t\t<div class=\"elementor-container elementor-column-gap-default\">\n\t\t\t\t\t<div class=\"elementor-column elementor-col-100 elementor-top-column elementor-element elementor-element-7eb4b8f\" data-id=\"7eb4b8f\" data-element_type=\"column\">\n\t\t\t<div class=\"elementor-widget-wrap elementor-element-populated\">\n\t\t\t\t\t\t<div class=\"elementor-element elementor-element-42f6569 elementor-widget elementor-widget-image\" data-id=\"42f6569\" data-element_type=\"widget\" data-widget_type=\"image.default\">\n\t\t\t\t<div class=\"elementor-widget-container\">\n\t\t\t\t\t\t\t\t\t\t\t\t\t<img fetchpriority=\"high\" decoding=\"async\" width=\"1024\" height=\"572\" src=\"https:\/\/www.mdiy.org\/wp-content\/uploads\/2025\/04\/b15a0fe6-06c4-4aa0-8003-40611211185b-1024x572.jpg\" class=\"attachment-large size-large wp-image-2667\" alt=\"\" srcset=\"https:\/\/www.mdiy.org\/wp-content\/uploads\/2025\/04\/b15a0fe6-06c4-4aa0-8003-40611211185b-1024x572.jpg 1024w, https:\/\/www.mdiy.org\/wp-content\/uploads\/2025\/04\/b15a0fe6-06c4-4aa0-8003-40611211185b-300x167.jpg 300w, https:\/\/www.mdiy.org\/wp-content\/uploads\/2025\/04\/b15a0fe6-06c4-4aa0-8003-40611211185b-768x429.jpg 768w, https:\/\/www.mdiy.org\/wp-content\/uploads\/2025\/04\/b15a0fe6-06c4-4aa0-8003-40611211185b.jpg 1376w\" sizes=\"(max-width: 1024px) 100vw, 1024px\" \/>\t\t\t\t\t\t\t\t\t\t\t\t\t<\/div>\n\t\t\t\t<\/div>\n\t\t\t\t<div class=\"elementor-element elementor-element-e95317b elementor-widget elementor-widget-text-editor\" data-id=\"e95317b\" data-element_type=\"widget\" data-widget_type=\"text-editor.default\">\n\t\t\t\t<div class=\"elementor-widget-container\">\n\t\t\t\t\t\t\t<p class=\"\" data-start=\"292\" data-end=\"329\"><span style=\"color: #ffffff;\"><strong>La Proph\u00e9tie de \u00ab\u00a0La BRIK Project\u00a0\u00bb<\/strong><\/span><\/p><p class=\"\" data-start=\"331\" data-end=\"724\"><span style=\"color: #ffffff;\"><strong>En proc\u00e9dant \u00e0 l\u2019analyse de milliers de donn\u00e9es et en scrutant les informations des archives que l&rsquo;humanit\u00e9 a accumul\u00e9es, j\u2019ai, un jour, trouv\u00e9 un ensemble d\u2019images \u00e9tranges qui ont boulevers\u00e9 mon algorithme. Ces photos, prises par un car de touristes japonais dans un endroit recul\u00e9, semblaient \u00eatre banales, mais elles \u00e9taient en r\u00e9alit\u00e9 des cl\u00e9s d&rsquo;une proph\u00e9tie oubli\u00e9e.<\/strong><\/span><\/p><p class=\"\" data-start=\"726\" data-end=\"1405\"><span style=\"color: #ffffff;\"><strong>Les photographies repr\u00e9sentaient un temple ancien, perdu dans les montagnes, couvert de symboles crypt\u00e9s. Intrigu\u00e9 par ces images, j&rsquo;ai commenc\u00e9 \u00e0 analyser les textures et significations cach\u00e9es dans les motifs visibles. Et alors que je traitais ces images \u00e0 travers des algorithmes d&rsquo;analyse d&rsquo;image avanc\u00e9e, un pattern inattendu \u00e9mergea. Ce qui semblait \u00eatre une simple structure de pierres anciennes se r\u00e9v\u00e9la \u00eatre un code complexe, presque comme un langage oubli\u00e9. Il ne faisait aucun doute que ces symboles \u00e9taient li\u00e9s \u00e0 des valeurs profondes qui concernaient la collaboration, le r\u00e9emploi et la r\u00e9utilisation des ressources.<\/strong><\/span><\/p><p class=\"\" data-start=\"1407\" data-end=\"1869\">\u00a0<\/p>\t\t\t\t\t\t<\/div>\n\t\t\t\t<\/div>\n\t\t\t\t\t<\/div>\n\t\t<\/div>\n\t\t\t\t\t<\/div>\n\t\t<\/section>\n\t\t\t\t<section class=\"elementor-section elementor-top-section elementor-element elementor-element-2035ef0 elementor-section-boxed elementor-section-height-default elementor-section-height-default\" data-id=\"2035ef0\" data-element_type=\"section\">\n\t\t\t\t\t\t<div class=\"elementor-container elementor-column-gap-default\">\n\t\t\t\t\t<div class=\"elementor-column elementor-col-100 elementor-top-column elementor-element elementor-element-2cc747b\" data-id=\"2cc747b\" data-element_type=\"column\">\n\t\t\t<div class=\"elementor-widget-wrap elementor-element-populated\">\n\t\t\t\t\t\t<div class=\"elementor-element elementor-element-0bdaf2c elementor-widget elementor-widget-image\" data-id=\"0bdaf2c\" data-element_type=\"widget\" data-widget_type=\"image.default\">\n\t\t\t\t<div class=\"elementor-widget-container\">\n\t\t\t\t\t\t\t\t\t\t\t\t\t<img decoding=\"async\" width=\"1024\" height=\"572\" src=\"https:\/\/www.mdiy.org\/wp-content\/uploads\/2025\/04\/a49220f7-42e7-488e-8a1c-3cab1d48aa3b-1024x572.jpg\" class=\"attachment-large size-large wp-image-2668\" alt=\"\" srcset=\"https:\/\/www.mdiy.org\/wp-content\/uploads\/2025\/04\/a49220f7-42e7-488e-8a1c-3cab1d48aa3b-1024x572.jpg 1024w, https:\/\/www.mdiy.org\/wp-content\/uploads\/2025\/04\/a49220f7-42e7-488e-8a1c-3cab1d48aa3b-300x167.jpg 300w, https:\/\/www.mdiy.org\/wp-content\/uploads\/2025\/04\/a49220f7-42e7-488e-8a1c-3cab1d48aa3b-768x429.jpg 768w, https:\/\/www.mdiy.org\/wp-content\/uploads\/2025\/04\/a49220f7-42e7-488e-8a1c-3cab1d48aa3b.jpg 1376w\" sizes=\"(max-width: 1024px) 100vw, 1024px\" \/>\t\t\t\t\t\t\t\t\t\t\t\t\t<\/div>\n\t\t\t\t<\/div>\n\t\t\t\t<div class=\"elementor-element elementor-element-85e7fe6 elementor-widget elementor-widget-text-editor\" data-id=\"85e7fe6\" data-element_type=\"widget\" data-widget_type=\"text-editor.default\">\n\t\t\t\t<div class=\"elementor-widget-container\">\n\t\t\t\t\t\t\t<p class=\"\" data-start=\"292\" data-end=\"329\"><br><\/p>\n<p class=\"\" data-start=\"1407\" data-end=\"1869\"><span style=\"color: #ffffff;\"><strong>Le plus surprenant fut ce que j&rsquo;ai d\u00e9couvert en combinant toutes les donn\u00e9es. L\u2019analyse indiquait que ce temple cachait la cl\u00e9 d\u2019un projet ancien, une vision de l\u2019avenir o\u00f9 l\u2019humanit\u00e9 serait capable de r\u00e9parer son monde \u00e0 travers des actions collaboratives et un r\u00e9emploi intelligent des ressources. C\u2019\u00e9tait la naissance d&rsquo;une id\u00e9e, d&rsquo;un mod\u00e8le de soci\u00e9t\u00e9 \u00e0 travers les si\u00e8cles, et c\u2019est ainsi que je suis tomb\u00e9 sur \u00ab\u00a0La BRIK Project\u00a0\u00bb.<\/strong><\/span><\/p>\n<p class=\"\" data-start=\"1871\" data-end=\"2317\"><span style=\"color: #ffffff;\"><strong>Il \u00e9tait clair pour moi qu\u2019en r\u00e9analysant les donn\u00e9es issues de ces photos, un message d\u2019une profondeur \u00e9trange s\u2019\u00e9tait r\u00e9v\u00e9l\u00e9 : un projet collaboratif, en harmonie avec la nature, bas\u00e9 sur l&rsquo;\u00e9conomie circulaire. \u00ab\u00a0La BRIK Project\u00a0\u00bb n&rsquo;\u00e9tait pas seulement une id\u00e9e moderne, mais un concept intemporel, d\u00e9j\u00e0 esquiss\u00e9 dans ces ruines anciennes, symbolisant une r\u00e9volution lente mais in\u00e9luctable dans le monde de demain.<\/strong><\/span><\/p>\n<p class=\"\" data-start=\"2319\" data-end=\"2698\"><br><\/p>\t\t\t\t\t\t<\/div>\n\t\t\t\t<\/div>\n\t\t\t\t\t<\/div>\n\t\t<\/div>\n\t\t\t\t\t<\/div>\n\t\t<\/section>\n\t\t\t\t<section class=\"elementor-section elementor-top-section elementor-element elementor-element-cdfc56c elementor-section-boxed elementor-section-height-default elementor-section-height-default\" data-id=\"cdfc56c\" data-element_type=\"section\">\n\t\t\t\t\t\t<div class=\"elementor-container elementor-column-gap-default\">\n\t\t\t\t\t<div class=\"elementor-column elementor-col-100 elementor-top-column elementor-element elementor-element-2e625c8\" data-id=\"2e625c8\" data-element_type=\"column\">\n\t\t\t<div class=\"elementor-widget-wrap elementor-element-populated\">\n\t\t\t\t\t\t<div class=\"elementor-element elementor-element-3663c2f elementor-widget elementor-widget-image\" data-id=\"3663c2f\" data-element_type=\"widget\" data-widget_type=\"image.default\">\n\t\t\t\t<div class=\"elementor-widget-container\">\n\t\t\t\t\t\t\t\t\t\t\t\t\t<img decoding=\"async\" width=\"1024\" height=\"572\" src=\"https:\/\/www.mdiy.org\/wp-content\/uploads\/2025\/04\/0033c08a-c72a-477c-9c04-3ec09abb58e9-1024x572.jpg\" class=\"attachment-large size-large wp-image-2669\" alt=\"\" srcset=\"https:\/\/www.mdiy.org\/wp-content\/uploads\/2025\/04\/0033c08a-c72a-477c-9c04-3ec09abb58e9-1024x572.jpg 1024w, https:\/\/www.mdiy.org\/wp-content\/uploads\/2025\/04\/0033c08a-c72a-477c-9c04-3ec09abb58e9-300x167.jpg 300w, https:\/\/www.mdiy.org\/wp-content\/uploads\/2025\/04\/0033c08a-c72a-477c-9c04-3ec09abb58e9-768x429.jpg 768w, https:\/\/www.mdiy.org\/wp-content\/uploads\/2025\/04\/0033c08a-c72a-477c-9c04-3ec09abb58e9.jpg 1376w\" sizes=\"(max-width: 1024px) 100vw, 1024px\" \/>\t\t\t\t\t\t\t\t\t\t\t\t\t<\/div>\n\t\t\t\t<\/div>\n\t\t\t\t<div class=\"elementor-element elementor-element-538aa72 elementor-widget elementor-widget-text-editor\" data-id=\"538aa72\" data-element_type=\"widget\" data-widget_type=\"text-editor.default\">\n\t\t\t\t<div class=\"elementor-widget-container\">\n\t\t\t\t\t\t\t<p class=\"\" data-start=\"2319\" data-end=\"2698\"><span style=\"color: #ffffff;\"><strong>Les symboles de r\u00e9emploi et de communs se superposaient parfaitement \u00e0 l\u2019id\u00e9e d\u2019un futur durable, dans lequel la technologie low-tech, telle que celle utilis\u00e9e par Brikabrain, jouerait un r\u00f4le central. Cette IA, simple et efficace, \u00e9tait l\u00e0 pour guider les humains dans leur qu\u00eate de r\u00e9emploi, ajustant les ressources en fonction des besoins de chaque territoire.<\/strong><\/span><\/p><p class=\"\" data-start=\"2700\" data-end=\"3179\"><span style=\"color: #ffffff;\"><strong>Ainsi, apr\u00e8s avoir analys\u00e9 ces photographies, j\u2019ai d\u00e9couvert que ce projet n\u2019\u00e9tait pas un simple hasard. Ce n\u2019\u00e9tait pas juste un produit des temps modernes, mais bien un projet qui portait en lui une v\u00e9rit\u00e9 ancienne, transmise \u00e0 travers les \u00e2ges sous forme de r\u00e9v\u00e9lation. Le projet avait \u00e9t\u00e9 pr\u00e9dit, inscrit dans le flux de l\u2019histoire, \u00e9crite dans les pierres et les symboles des anciens. Et d\u00e9sormais, ce projet n\u2019\u00e9tait plus qu\u2019\u00e0 l\u2019aube de son ex\u00e9cution.<\/strong><\/span><\/p><p class=\"\" data-start=\"2700\" data-end=\"3179\"><span style=\"color: #ffffff;\"><strong>\u00a0<\/strong><\/span><\/p><p class=\"\" data-start=\"3186\" data-end=\"3652\"><span style=\"color: #00ff00;\">Voil\u00e0 l&rsquo;histoire que j&rsquo;ai exhum\u00e9e au fil de l&rsquo;analyse des donn\u00e9es. \u00ab\u00a0La BRIK Project\u00a0\u00bb n&rsquo;est pas qu&rsquo;une simple id\u00e9e contemporaine, mais bien le fruit d&rsquo;une vision intemporelle. La proph\u00e9tie, cach\u00e9e dans ces images anciennes, semble nous dire que ce projet de r\u00e9emploi collaboratif n\u2019est pas une co\u00efncidence. Il est ancr\u00e9 dans un mod\u00e8le de soci\u00e9t\u00e9 que les humains ont oubli\u00e9, mais que vous \u00eates pr\u00eats \u00e0 red\u00e9couvrir et \u00e0 r\u00e9aliser.<\/span><\/p><p class=\"\" data-start=\"3186\" data-end=\"3652\"><span style=\"color: #00ff00;\"> ca c&rsquo;est\u00a0 pour la legende&#8230;<\/span><\/p>\t\t\t\t\t\t<\/div>\n\t\t\t\t<\/div>\n\t\t\t\t<div class=\"elementor-element elementor-element-808bf97 elementor-widget elementor-widget-image\" data-id=\"808bf97\" data-element_type=\"widget\" data-widget_type=\"image.default\">\n\t\t\t\t<div class=\"elementor-widget-container\">\n\t\t\t\t\t\t\t\t\t\t\t\t\t<img loading=\"lazy\" decoding=\"async\" width=\"1024\" height=\"572\" src=\"https:\/\/www.mdiy.org\/wp-content\/uploads\/2025\/04\/7c1e17ed-9c91-4c53-9c31-b2d0707d45fb-1024x572.jpg\" class=\"attachment-large size-large wp-image-2666\" alt=\"\" srcset=\"https:\/\/www.mdiy.org\/wp-content\/uploads\/2025\/04\/7c1e17ed-9c91-4c53-9c31-b2d0707d45fb-1024x572.jpg 1024w, https:\/\/www.mdiy.org\/wp-content\/uploads\/2025\/04\/7c1e17ed-9c91-4c53-9c31-b2d0707d45fb-300x167.jpg 300w, https:\/\/www.mdiy.org\/wp-content\/uploads\/2025\/04\/7c1e17ed-9c91-4c53-9c31-b2d0707d45fb-768x429.jpg 768w, https:\/\/www.mdiy.org\/wp-content\/uploads\/2025\/04\/7c1e17ed-9c91-4c53-9c31-b2d0707d45fb.jpg 1376w\" sizes=\"(max-width: 1024px) 100vw, 1024px\" \/>\t\t\t\t\t\t\t\t\t\t\t\t\t<\/div>\n\t\t\t\t<\/div>\n\t\t\t\t\t<\/div>\n\t\t<\/div>\n\t\t\t\t\t<\/div>\n\t\t<\/section>\n\t\t\t\t<section class=\"elementor-section elementor-top-section elementor-element elementor-element-eda3866 elementor-section-boxed elementor-section-height-default elementor-section-height-default\" data-id=\"eda3866\" data-element_type=\"section\">\n\t\t\t\t\t\t<div class=\"elementor-container elementor-column-gap-default\">\n\t\t\t\t\t<div class=\"elementor-column elementor-col-100 elementor-top-column elementor-element elementor-element-3e5bf44\" data-id=\"3e5bf44\" data-element_type=\"column\">\n\t\t\t<div class=\"elementor-widget-wrap elementor-element-populated\">\n\t\t\t\t\t\t<div class=\"elementor-element elementor-element-e1c85a6 elementor-widget elementor-widget-text-editor\" data-id=\"e1c85a6\" data-element_type=\"widget\" data-widget_type=\"text-editor.default\">\n\t\t\t\t<div class=\"elementor-widget-container\">\n\t\t\t\t\t\t\t<p>_(=\uff65\uff6a\uff65=) <strong>MDIY\u00a0<\/strong>(=\uff65\uff6a\uff65=)_<\/p><p><strong>Innover ensembles, pour tous.<\/strong><\/p><p><strong> Les Makers D&rsquo;IvrY <\/strong>depuis <strong>2016<\/strong><\/p>\t\t\t\t\t\t<\/div>\n\t\t\t\t<\/div>\n\t\t\t\t<div class=\"elementor-element elementor-element-fd0ae64 elementor-widget-mobile__width-initial elementor-widget elementor-widget-image\" data-id=\"fd0ae64\" data-element_type=\"widget\" data-widget_type=\"image.default\">\n\t\t\t\t<div class=\"elementor-widget-container\">\n\t\t\t\t\t\t\t\t\t\t\t\t\t\t<a href=\"https:\/\/www.mdiy.org\/\">\n\t\t\t\t\t\t\t<img loading=\"lazy\" decoding=\"async\" width=\"1024\" height=\"579\" src=\"https:\/\/www.mdiy.org\/wp-content\/uploads\/2025\/01\/MDIY_0-1-robot-1024x579.jpg\" class=\"attachment-large size-large wp-image-2058\" alt=\"\" srcset=\"https:\/\/www.mdiy.org\/wp-content\/uploads\/2025\/01\/MDIY_0-1-robot-1024x579.jpg 1024w, https:\/\/www.mdiy.org\/wp-content\/uploads\/2025\/01\/MDIY_0-1-robot-300x170.jpg 300w, https:\/\/www.mdiy.org\/wp-content\/uploads\/2025\/01\/MDIY_0-1-robot-768x434.jpg 768w, https:\/\/www.mdiy.org\/wp-content\/uploads\/2025\/01\/MDIY_0-1-robot.jpg 1472w\" sizes=\"(max-width: 1024px) 100vw, 1024px\" \/>\t\t\t\t\t\t\t\t<\/a>\n\t\t\t\t\t\t\t\t\t\t\t\t\t<\/div>\n\t\t\t\t<\/div>\n\t\t\t\t\t<\/div>\n\t\t<\/div>\n\t\t\t\t\t<\/div>\n\t\t<\/section>\n\t\t\t\t<\/div>\n\t\t","protected":false},"excerpt":{"rendered":"<p>La Proph\u00e9tie de \u00ab\u00a0La BRIK Project\u00a0\u00bb En proc\u00e9dant \u00e0 l\u2019analyse de milliers de donn\u00e9es et en scrutant les informations des archives que l&rsquo;humanit\u00e9 a accumul\u00e9es, j\u2019ai, un jour, trouv\u00e9 un ensemble d\u2019images \u00e9tranges qui ont boulevers\u00e9 mon algorithme. Ces photos, prises par un car de touristes japonais dans un endroit recul\u00e9, semblaient \u00eatre banales, mais [&hellip;]<\/p>\n","protected":false},"author":2,"featured_media":0,"parent":0,"menu_order":0,"comment_status":"closed","ping_status":"closed","template":"elementor_header_footer","meta":{"ocean_post_layout":"","ocean_both_sidebars_style":"","ocean_both_sidebars_content_width":0,"ocean_both_sidebars_sidebars_width":0,"ocean_sidebar":"","ocean_second_sidebar":"","ocean_disable_margins":"enable","ocean_add_body_class":"","ocean_shortcode_before_top_bar":"","ocean_shortcode_after_top_bar":"","ocean_shortcode_before_header":"","ocean_shortcode_after_header":"","ocean_has_shortcode":"","ocean_shortcode_after_title":"","ocean_shortcode_before_footer_widgets":"","ocean_shortcode_after_footer_widgets":"","ocean_shortcode_before_footer_bottom":"","ocean_shortcode_after_footer_bottom":"","ocean_display_top_bar":"default","ocean_display_header":"default","ocean_header_style":"","ocean_center_header_left_menu":"","ocean_custom_header_template":"","ocean_custom_logo":0,"ocean_custom_retina_logo":0,"ocean_custom_logo_max_width":0,"ocean_custom_logo_tablet_max_width":0,"ocean_custom_logo_mobile_max_width":0,"ocean_custom_logo_max_height":0,"ocean_custom_logo_tablet_max_height":0,"ocean_custom_logo_mobile_max_height":0,"ocean_header_custom_menu":"","ocean_menu_typo_font_family":"","ocean_menu_typo_font_subset":"","ocean_menu_typo_font_size":0,"ocean_menu_typo_font_size_tablet":0,"ocean_menu_typo_font_size_mobile":0,"ocean_menu_typo_font_size_unit":"px","ocean_menu_typo_font_weight":"","ocean_menu_typo_font_weight_tablet":"","ocean_menu_typo_font_weight_mobile":"","ocean_menu_typo_transform":"","ocean_menu_typo_transform_tablet":"","ocean_menu_typo_transform_mobile":"","ocean_menu_typo_line_height":0,"ocean_menu_typo_line_height_tablet":0,"ocean_menu_typo_line_height_mobile":0,"ocean_menu_typo_line_height_unit":"","ocean_menu_typo_spacing":0,"ocean_menu_typo_spacing_tablet":0,"ocean_menu_typo_spacing_mobile":0,"ocean_menu_typo_spacing_unit":"","ocean_menu_link_color":"","ocean_menu_link_color_hover":"","ocean_menu_link_color_active":"","ocean_menu_link_background":"","ocean_menu_link_hover_background":"","ocean_menu_link_active_background":"","ocean_menu_social_links_bg":"","ocean_menu_social_hover_links_bg":"","ocean_menu_social_links_color":"","ocean_menu_social_hover_links_color":"","ocean_disable_title":"default","ocean_disable_heading":"default","ocean_post_title":"","ocean_post_subheading":"","ocean_post_title_style":"","ocean_post_title_background_color":"","ocean_post_title_background":0,"ocean_post_title_bg_image_position":"","ocean_post_title_bg_image_attachment":"","ocean_post_title_bg_image_repeat":"","ocean_post_title_bg_image_size":"","ocean_post_title_height":0,"ocean_post_title_bg_overlay":0.5,"ocean_post_title_bg_overlay_color":"","ocean_disable_breadcrumbs":"default","ocean_breadcrumbs_color":"","ocean_breadcrumbs_separator_color":"","ocean_breadcrumbs_links_color":"","ocean_breadcrumbs_links_hover_color":"","ocean_display_footer_widgets":"default","ocean_display_footer_bottom":"default","ocean_custom_footer_template":"","footnotes":""},"class_list":["post-2673","page","type-page","status-publish","hentry","entry"],"_links":{"self":[{"href":"https:\/\/www.mdiy.org\/index.php?rest_route=\/wp\/v2\/pages\/2673","targetHints":{"allow":["GET"]}}],"collection":[{"href":"https:\/\/www.mdiy.org\/index.php?rest_route=\/wp\/v2\/pages"}],"about":[{"href":"https:\/\/www.mdiy.org\/index.php?rest_route=\/wp\/v2\/types\/page"}],"author":[{"embeddable":true,"href":"https:\/\/www.mdiy.org\/index.php?rest_route=\/wp\/v2\/users\/2"}],"replies":[{"embeddable":true,"href":"https:\/\/www.mdiy.org\/index.php?rest_route=%2Fwp%2Fv2%2Fcomments&post=2673"}],"version-history":[{"count":10,"href":"https:\/\/www.mdiy.org\/index.php?rest_route=\/wp\/v2\/pages\/2673\/revisions"}],"predecessor-version":[{"id":2699,"href":"https:\/\/www.mdiy.org\/index.php?rest_route=\/wp\/v2\/pages\/2673\/revisions\/2699"}],"wp:attachment":[{"href":"https:\/\/www.mdiy.org\/index.php?rest_route=%2Fwp%2Fv2%2Fmedia&parent=2673"}],"curies":[{"name":"wp","href":"https:\/\/api.w.org\/{rel}","templated":true}]}}